ive of 0*h + 0 - 3/2*h**3 - 1/8*h**4 + 11*h**2 + 1/30*h**5. List the prime factors of z(7).
2, 17
Let u = -40 - -47. List the prime factors of (u - -106) + (2 - 0).
5, 23
Suppose 38*t - 10*t - 78092 = 0. List the prime factors of t.
2789
List the prime factors of (-1698)/2*(88/24 - 4).
283
Let m(w) = -w**2 - 4*w + 2. Let o be m(-2). Suppose -o*p + 26 = -16. What are the prime factors of p?
7
Suppose 3 = -5*z + 8. Let v(a) = 6*a**3 - a**2 - a + 1. List the prime factors of v(z).
5
Suppose -5*b + 14 + 536 = 0. Suppose -2*t - 106 = -4*w, 2*w = -2*w - 2*t + b. Suppose 25*u - 28*u = -w. What are the prime factors of u?
3
Suppose 28 = w + 5*r, 29 = 5*w + 2*r + 4. Let x(g) = -1171*g + 1166*g + g**3 - 2 + 4. What are the prime factors of x(w)?
2, 7
Suppose -7*h - 12*h = -49286. What are the prime factors of h?
2, 1297
Let s = 1684 + -775. What are the prime factors of s?
3, 101
Let r(d) = 2*d**2 + 5*d - 7. Let b = -17 + 20. List the prime factors of r(b).
2, 13
Let y(h) = -h**3 + 2*h**2 - 2*h + 559. List the prime factors of y(0).
13, 43
Suppose 0 = -3*s - 8*y + 9*y + 5719, -2*s + 3820 = 3*y. What are the prime factors of s?
1907
Let h(f) = 7 + 0 - 2 + f. Let g be h(5). Suppose 0 = -2*k - g, 6*k - k = -2*j - 11. What are the prime factors of j?
7
Suppose 0 = -7*u - 802 + 3091. List the prime factors of u.
3, 109
Let d be ((-56)/24)/((-1)/(-90)). Let m = -103 - d. List the prime factors of m.
107
Suppose -f = -5*i + 33 - 11, 4*i + f = 14. List the prime factors of (3 + -2)*184/i.
2, 23
Let v = 17 - 27. Let h(f) = f**3 + 10*f**2 - f - 7. Let j be h(v). Suppose -47 = j*t - 134. What are the prime factors of t?
29
Let v(h) = -11 + 2*h**2 - 10*h - 2*h**2 + 2*h**2 - 26. What are the prime factors of v(12)?
131
Let x = 233 + 396. List the prime factors of x.
17, 37
List the prime factors of (10 - -42)*(-265)/(-20).
13, 53
Suppose -5*y - 174 = 5*w - 69, 5*w - 3*y = -65. Let t = w - -71. What are the prime factors of t?
5, 11
Let q(o) = -o**2 - o + 306. Let t be q(0). Let x = 489 - t. Suppose -5*i = -7 - x. What are the prime factors of i?
2, 19
Suppose -o - 2*o = -2*s - 4, 2*s - 5*o + 12 = 0. Let n be (-5)/((4/s)/6). What are the prime factors of 315/n*(-2)/3?
7
Let n = 4 + 7. Let m = 16 - n. Let l(z) = z + 5. List the prime factors of l(m).
2, 5
Suppose 7*j + q = 5*j + 5568, -q = 0. What are the prime factors of j?
2, 3, 29
Suppose 5*x + m - 2*m - 983 = 0, 2*m - 201 = -x. Suppose 8*f - x = 139. List the prime factors of f.
2, 3, 7
Let x = 266 + 53. What are the prime factors of x?
11, 29
Suppose 5*m + 4*y - 29 = 7, 5*y = m - 13. Suppose 108 = -m*q + 1300. List the prime factors of q.
149
Suppose -3*w = 0, -5*t - 75 = -0*t + 5*w. List the prime factors of (-17)/(-4) - t/(-60).
2
Let g(k) = k**2 + 5*k - 23. Let q = -105 - -112. List the prime factors of g(q).
61
Let o be (-17)/(51/(-36))*(-1)/(-2). Suppose c - 644 = -o*c. What are the prime factors of c?
2, 23
Let j(q) = -q**2 - 2*q + 35. Suppose 0 = -6*h + 8*h. List the prime factors of j(h).
5, 7
Suppose -25*w + 716 + 534 = 0. Let m be 3*2/3 - -104. Let t = m - w. List the prime factors of t.
2, 7
Suppose 3*z + 2987 = 5*o + 5*z, -3*o + 4*z + 1813 = 0. What are the prime factors of o?
599
Suppose -2*z + 4*z = -6*z. Suppose z = 3*k - 3*f - 90, 3*k + 5*f - 150 = -2*k. List the prime factors of k.
2, 3, 5
Suppose 4*o - 5221 = -3*k, -o + 1311 = 144*k - 149*k. What are the prime factors of o?
2, 653
Suppose -y - 5*c = -2*c - 2, -2*c = -5*y - 41. Let k = 22 - y. Suppose -3*j + k = -37. List the prime factors of j.
2, 11
List the prime factors of (-31 - -4747)*3/9.
2, 3, 131
Suppose -11188 - 5612 = -7*o. List the prime factors of o.
2, 3, 5
Suppose 5*x + 300 = 4*z - 438, 4*x = -5*z - 574. Let c = -25 - x. What are the prime factors of c?
11
Suppose -18*p + 5313 = 1101. List the prime factors of p.
2, 3, 13
Let t(z) = -z**3 + 43*z**2 - 102*z - 44. List the prime factors of t(38).
2, 3, 5, 11
What are the prime factors of (-516572)/(-108) + (-72)/972?
4783
Suppose 3*s = 1093 + 899. Suppose -4*p + i + 0*i = -s, i - 326 = -2*p. List the prime factors of p.
3, 5, 11
Suppose -s + 6*s - 2654 = -4*m, 2*s = -4. List the prime factors of m.
2, 3, 37
Let k(p) = -28*p + 894. What are the prime factors of k(-33)?
2, 3, 101
Let m = -12 - -18. Suppose -426 = -12*i + m*i. List the prime factors of i.
71
Let z = -31 - -690. What are the prime factors of z?
659
Let v(h) = -3*h**3 - h**2 - 2*h - 7. Let k be v(-4). Suppose o - n = -4*n + 23, 4*o = 5*n + k. List the prime factors of o.
2, 19
Let d = 22 - 34. Suppose -16 = -n + 3. Let l = d + n. What are the prime factors of l?
7
Suppose -4*w - 35 - 1 = 0. Let x = -9 - w. Suppose -2*p + 24 = -x*p. List the prime factors of p.
2, 3
Let q = -2305 + 5045. What are the prime factors of q?
2, 5, 137
Suppose -275*o = -281*o + 3390. What are the prime factors of o?
5, 113
Suppose -2*l + 2 = -2*g, -4*g - 3*l + 26 = -5. Suppose 0 = 5*j + 3*r - 166, j + 3*j + g*r = 136. List the prime factors of j.
2
Suppose u + 6 = 4*u. Suppose i + 2*s - 163 = 0, 3*i - u*i - 5*s = 149. List the prime factors of i.
3, 53
Let q = -313 - -527. List the prime factors of q.
2, 107
Suppose 5 = 3*i - 5*h - 9, 3*h = 2*i - 9. Let j be (152 + -4)*(4 - i). Suppose 3*y - 63 = -5*r + 19, 3*r = 5*y - j. What are the prime factors of y?
29
Suppose 0 = -2*t - 5*q - 37, 3*t - t + q = -17. Let u(s) = -s - 1. Let n be u(t). Suppose 2*p = n*i - 25, -3*p = 3*i - 6*i + 15. List the prime factors of i.
5
Suppose 3*g + 5*f - 18 = 2*f, g + 6 = 5*f. Let n be (1 + 0)*(g - 3). Let m = n - -5. List the prime factors of m.
2, 3
Let i be 2*(-10)/8*(-180)/2. Suppose w = 5*c + 100 + 35, -c - i = -2*w. What are the prime factors of w?
2, 5, 11
Let w = 433 - -333. What are the prime factors of w?
2, 383
Suppose -7*v + 14*v = 28. Suppose v*f - 8 = 32. What are the prime factors of f?
2, 5
Suppose -5*d + d - 4*r + 1116 = 0, -2*d + r + 564 = 0. What are the prime factors of d?
281
Let m = -7 + 9. Suppose -3*h = -4*h + m. What are the prime factors of (h/(-6))/(1/(-39))?
13
Let p(i) = i**2 - 9*i + 20. Let u be p(6). Let v(g) be the second derivative of g**4/12 + g**3/3 + g**2/2 - g. What are the prime factors of v(u)?
3
Let z(p) = 3*p - 17. Let k be z(5). What are the prime factors of -35*(-4 + (-1 - k))?
3, 5, 7
Suppose 6*m = 15 + 21. Suppose -2*t + m*t = 388. List the prime factors of t.
97
Let t be 1/(-1) - (195/(-5) - -1). Let g = 34 + t. What are the prime factors of g?
71
List the prime factors of 6/(-4) + (-1085)/(-2).
541
Let z = 191 - 119. Let l = z + -36. Let g = l - 16. List the prime factors of g.
2, 5
Let h = -6 - -9. Suppose 3*g - h*o = 279, -2*o = -2*g + o + 191. What are the prime factors of g?
2, 11
Suppose 0*y = 2*y - 256. What are the prime factors of y - -2 - (3/(-3) - 0)?
131
Suppose 2*w = -4*q + 60 - 8, -5*q - 169 = -4*w. What are the prime factors of 1/((-141)/w - -4)?
2, 3
Let n(x) = 925*x**2 - 2*x - 5. List the prime factors of n(-1).
2, 461
Let o = -20 - -84. What are the prime factors of o?
2
Suppose -2*f + 26 = -4*o, 2*f + 4*o - 1 = f. Let z = f + -6. Suppose 0 = 2*v - 5*v - 2*c + 60, z*c = -4*v + 79. List the prime factors of v.
2, 11
Let c be 6/(-14) + (-73)/(-7). Let k(u) be the second derivative of u**4/6 - 13*u**3/6 - 5*u**2 + u. List the prime factors of k(c).
2, 3, 5
Suppose 4025 - 768 = 4*v + f, -5*f = 3*v - 2464. What are the prime factors of v?
3, 271
Let p be -1*0*3/(-6). Suppose 5*n - 2*l = 269, p = -n + 4*l - 28 + 71. What are the prime factors of n?
5, 11
Let q = 257 + -168. What are the prime factors of q?
89
Let z = 848 - 470. What are the prime factors of z?
2, 3, 7
Suppose -4*b - 756 = -4*n, 2*n = 6*b - b + 387. Suppose 6*l - 984 = n. List the prime factors of l.
3, 5, 13
Let o be ((-2)/2)/(1/(-55)). Suppose -52*v + 61*v = 0. Suppose v = 5*b + o - 205. What are the prime factors of b?
2, 3, 5
Suppose -4*r + 10 = -2*z, 4*r = 5*z - 0 + 1. Suppose 0 = r*s + 4*x - 276, -3*x + 337 = s + 4*s. List the prime factors of s.
5, 13
Let v(r) = -5*r - 1. Let q = -16 + 13. What are the prime factors of v(q)?
2, 7
Let z(l) = -2*l - 3. Let m be z(-3). Suppose 0*a + 6 = m*a. Suppose 3*n - 34 = a*n. List the prime factors of n.
2, 17
Suppose 2*s - 8 = -2*c - 2*c, -4*c = -3*s - 8. Let w = 13 - 13. Suppose -3*t = -5*r - 